2459 a prime number?
True
Is 10541 composite?
True
Is 17998 prime?
False
Is 125887 prime?
True
Is 506929 prime?
True
Is 2019 a composite number?
True
Is 181837 composite?
False
Is 2318847 composite?
True
Is 50419 prime?
False
Is 118127 composite?
False
Is 1280039 prime?
False
Is 14263 composite?
True
Is 8257 a prime number?
False
Is 1281395 prime?
False
Is 881687 composite?
True
Is 183273 prime?
False
Is 321338 a composite number?
True
Is 53959 a composite number?
False
Is 2481 a composite number?
True
Is 123055 prime?
False
Is 58189 a prime number?
True
Is 352829 a composite number?
True
Is 96818 a composite number?
True
Is 546727 a composite number?
True
Is 15481 prime?
False
Is 2333 a composite number?
False
Is 13291 prime?
True
Is 17417 prime?
True
Is 1212769 a prime number?
True
Is 13389 a prime number?
False
Is 1337311 a prime number?
False
Is 22733 composite?
True
Is 764501 a composite number?
False
Is 5261 a prime number?
True
Is 4703 a prime number?
True
Is 6131 prime?
True
Is 70817 prime?
False
Is 22622 a composite number?
True
Is 49559 prime?
True
Is 54401 prime?
True
Is 1005151 composite?
True
Is 122079 composite?
True
Is 2175127 a composite number?
False
Is 87215 composite?
True
Is 34123 composite?
False
Is 2099 a prime number?
True
Is 12353 composite?
True
Is 83867 prime?
False
Is 283937 composite?
False
Is 139 composite?
False
Is 194113 a composite number?
False
Is 10277 composite?
True
Is 55018 a prime number?
False
Is 3359 prime?
True
Is 150473 composite?
False
Is 5189 composite?
False
Is 350213 prime?
True
Is 46019 prime?
False
Is 135571 prime?
True
Is 25579 prime?
True
Is 2300593 prime?
False
Is 532489 prime?
True
Is 1895 prime?
False
Is 3409 a composite number?
True
Is 119227 prime?
True
Is 6639 a composite number?
True
Is 12761 composite?
True
Is 17543 prime?
False
Is 36845 a composite number?
True
Is 12781 prime?
True
Is 1072537 a composite number?
False
Is 92951 prime?
True
Is 525289 a prime number?
False
Is 8923 a prime number?
True
Is 848821 composite?
True
Is 1582697 prime?
True
Is 7237 prime?
True
Is 4037 a prime number?
False
Is 117263 prime?
False
Is 59333 a composite number?
False
Is 414241 a composite number?
False
Is 1630987 prime?
True
Is 498119 composite?
False
Is 5953 prime?
True
Is 416387 a prime number?
True
Is 16961 a prime number?
False
Is 35479 a prime number?
False
Is 1001677 a prime number?
False
Is 3019 a prime number?
True
Is 7753 composite?
False
Is 232273 a composite number?
True
Is 8084023 prime?
True
Is 11519 composite?
False
Is 371711 prime?
False
Is 126307 composite?
False
Is 28394 a prime number?
False
Is 301381 a composite number?
False
Is 2801167 a composite number?
True
Is 583 prime?
False
Is 12661 a prime number?
False
Is 407741 a composite number?
False
Is 23159 a composite number?
False
Is 40101 prime?
False
Is 1031 composite?
False
Is 334571 a prime number?
False
Is 68633 a prime number?
True
Is 168839 a prime number?
False
Is 172373 composite?
False
Is 1765 a composite number?
True
Is 23515 a composite number?
True
Is 443 a prime number?
True
Is 246387 a prime number?
False
Is 13094 prime?
False
Is 22522 a composite number?
True
Is 88127 a prime number?
False
Is 14969 a composite number?
False
Is 3571 a prime number?
True
Is 1440341 a prime number?
False
Is 229937 composite?
False
Is 431203 composite?
False
Is 16301 a prime number?
True
Is 772949 a composite number?
False
Is 2020913 composite?
False
Is 17321 a prime number?
True
Is 9863 a composite number?
True
Is 106283 composite?
True
Is 289823 prime?
False
Is 53987 a prime number?
True
Is 177655 a composite number?
True
Is 44909 a prime number?
True
Is 4769 composite?
True
Is 10077 a composite number?
True
Is 2741 a composite number?
False
Is 28463 composite?
False
Is 247354 composite?
True
Is 52639 composite?
False
Is 124813 a composite number?
True
Is 2231 a composite number?
True
Is 250429 prime?
False
Is 2949679 prime?
True
Is 77453 composite?
True
Is 10033 composite?
True
Is 20471 prime?
False
Is 117511 a prime number?
True
Is 237781 a prime number?
True
Is 571303 a composite number?
False
Is 553 prime?
False
Is 5773 a prime number?
False
Is 628949 a composite number?
True
Is 50497 a composite number?
False
Is 28387 prime?
True
Is 2727763 composite?
False
Is 121457 a prime number?
False
Is 335833 prime?
True
Is 429449 composite?
False
Is 1537 prime?
False
Is 10771 a composite number?
False
Is 108359 prime?
True
Is 107317 prime?
False
Is 38411 composite?
True
Is 4681895 composite?
True
Is 26473 composite?
True
Is 1937 a prime number?
False
Is 11617 a composite number?
False
Is 2927 a composite number?
False
Is 24151 composite?
False
Is 73691 composite?
True
Is 37127 prime?
False
Is 11027 a composite number?
False
Is 29717 a composite number?
False
Is 70769 a composite number?
False
Is 423685 prime?
False
Is 22229 a composite number?
False
Is 1369 a prime number?
False
Is 10031 a composite number?
True
Is 755605 a composite number?
True
Is 279479 prime?
True
Is 7741 a composite number?
False
Is 19259 a composite number?
False
Is 863 a composite number?
False
Is 203587 a composite number?
True
Is 8773 composite?
True
Is 145339 a composite number?
True
Is 1652369 prime?
True
Is 6817 a composite number?
True
Is 4783 a prime number?
True
Is 191227 a prime number?
True
Is 29683 a prime number?
True
Is 3299 prime?
True
Is 887 a composite number?
False
Is 197189 composite?
True
Is 111 prime?
False
Is 17647 a prime number?
False
Is 439 composite?
False
Is 514621 prime?
True
Is 19373 a prime number?
True
Is 2673743 a composite number?
True
Is 59741 prime?
False
Is 11657 prime?
True
Is 438017 prime?
True
Is 54493 prime?
True
Is 7103 a prime number?
True
Is 3223 a composite number?
True
Is 2973 a composite number?
True
Is 951157 composite?
True
Is 101999 a composite number?
False
Is 665747 composite?
False
Is 31919 composite?
True
Is 31163 prime?
False
Is 1895 a composite number?
True
Is 180731 a composite number?
False
Is 10007 composite?
False
Is 673 prime?
True
Is 24067 prime?
False
Is 19641 a composite number?
True
Is 53969 a composite number?
True
Is 420149 prime?
True
Is 20261 prime?
True
Is 27179 composite?
False
Is 98381 prime?
False
Is 17899 a prime number?
False
Is 91453 a prime number?
True
Is 16771 composite?
True
Is 6469 prime?
True
Is 5209 a composite number?
False
Is 37939 a composite number?
True
Is 36329 prime?
False
Is 3787 composite?
True
Is 42043 a composite number?
False
Is 1361 composite?
False
Is 626161 a prime number?
False
Is 3817 composite?
True
Is 15335 prime?
False
Is 508129 a composite number?
False
Is 4533 a prime number?
False
Is 71317 a composite number?
False
Is 5266 composite?
True
Is 4535 prime?
False
Is 198551 a prime number?
False
Is 27997 a prime number?
True
Is 2099 a composite number?
False
Is 111461 a prime number?
False
Is 2333 a composite number?
False
Is 3163 prime?
True
Is 100819 prime?
False
Is 35493 a prime number?
False
Is 1907 a prime number?
True
Is 55795 a composite number?
True
Is 34955 a prime number?
False
Is 86647 a prime number?
False
Is 243989 composite?
False
Is 7283 composite?
False
Is 129877 composite?
True
Is 10765 a prime number?
False
Is 161485 composite?
True
Is 3863 prime?
True
Is 5339 a prime number?
False
Is 21737 composite?
False
Is 73637 prime?
True
Is 3521 a prime number?
False
Is 103273 a composite number?
True
Is 598027 prime?
False
Is 27611 prime?
True
Is 20477 a prime number?
True
Is 3349 prime?
False
Is 2293 a prime number?
True
Is 1481689 a prime number?
False
Is 817733 a composite number?
True
Is 14821 composite?
False
Is 1609679 prime?
False
Is 21709 prime?
False
Is 28363 prime?
False
Is 45233 a composite number?
False
Is 69221 composite?
False
Is 102523 a composite number?
False
Is 45743 prime?
False
Is 394393 a prime number?
True
Is 7819 composite?
True
Is 23461 a composite number?
True
Is 5227 a prime number?
True
Is 3691 prime?
True
Is 400849 composite?
False
Is 92731 a composite number?
True
Is 122443 prime?
True
Is 33131 composite?
True
Is 88241 a composite number?
False
Is 1264327 prime?
False
Is 109126 a composite number?
True
Is 869 prime?
False
Is 519515 a composite number?
True
Is 58937 a prime number?
True
Is 2569 composite?
True
Is 149689 composi